{"id":16906,"date":"2021-01-24T18:04:03","date_gmt":"2021-01-24T20:04:03","guid":{"rendered":"http:\/\/ecursos.treinaonline.com\/produto\/curso-de-fonoaudiologia-hospitalar\/"},"modified":"2021-01-24T18:04:03","modified_gmt":"2021-01-24T20:04:03","slug":"curso-de-fonoaudiologia-hospitalar","status":"publish","type":"product","link":"https:\/\/treina.online\/?product=curso-de-fonoaudiologia-hospitalar","title":{"rendered":"Curso de Fonoaudiologia Hospitalar"},"content":{"rendered":"<p>Aborda sobre os diferentes pap\u00e9is do Fonoaudi\u00f3logo no ambiente hospitalar, nos atendimentos,as enfermarias, nas UTI&#8217;s e tamb\u00e9m nos prontos socorros, tanto em rela\u00e7\u00e3o \u00e0 degluti\u00e7\u00e3o, quanto cogni\u00e7\u00e3o e linguagem, e muito mais.<\/p>\n<p>Sobre a carga hor\u00e1ria:<br \/>\nO curso possui 80 horas de carga hor\u00e1ria. Por\u00e9m, se for conclu\u00eddo antes de 5 dias, passa a ter 10 horas de carga hor\u00e1ria. Conforme nosso contrato e termos de uso.<\/p>\n","protected":false},"excerpt":{"rendered":"<p>Aborda sobre os diferentes pap\u00e9is do Fonoaudi\u00f3logo no ambiente hospitalar, nos atendimentos,as enfermarias, nas UTI&#8217;s e tamb\u00e9m nos prontos socorros, tanto em rela\u00e7\u00e3o \u00e0 degluti\u00e7\u00e3o, quanto cogni\u00e7\u00e3o e linguagem, e muito mais. Sobre a carga hor\u00e1ria: O curso possui 80 horas de carga hor\u00e1ria. Por\u00e9m, se for conclu\u00eddo antes de 5 dias, passa a ter 10 horas de carga hor\u00e1ria. [&hellip;]<\/p>\n","protected":false},"featured_media":0,"comment_status":"open","ping_status":"closed","template":"","meta":[],"product_brand":[],"product_cat":[228],"product_tag":[],"class_list":{"0":"post-16906","1":"product","2":"type-product","3":"status-publish","5":"product_cat-medicina","6":"post","8":"first","9":"instock","10":"virtual","11":"sold-individually","12":"product-type-simple"},"_links":{"self":[{"href":"https:\/\/treina.online\/index.php?rest_route=\/wp\/v2\/product\/16906","targetHints":{"allow":["GET"]}}],"collection":[{"href":"https:\/\/treina.online\/index.php?rest_route=\/wp\/v2\/product"}],"about":[{"href":"https:\/\/treina.online\/index.php?rest_route=\/wp\/v2\/types\/product"}],"replies":[{"embeddable":true,"href":"https:\/\/treina.online\/index.php?rest_route=%2Fwp%2Fv2%2Fcomments&post=16906"}],"version-history":[{"count":0,"href":"https:\/\/treina.online\/index.php?rest_route=\/wp\/v2\/product\/16906\/revisions"}],"wp:attachment":[{"href":"https:\/\/treina.online\/index.php?rest_route=%2Fwp%2Fv2%2Fmedia&parent=16906"}],"wp:term":[{"taxonomy":"product_brand","embeddable":true,"href":"https:\/\/treina.online\/index.php?rest_route=%2Fwp%2Fv2%2Fproduct_brand&post=16906"},{"taxonomy":"product_cat","embeddable":true,"href":"https:\/\/treina.online\/index.php?rest_route=%2Fwp%2Fv2%2Fproduct_cat&post=16906"},{"taxonomy":"product_tag","embeddable":true,"href":"https:\/\/treina.online\/index.php?rest_route=%2Fwp%2Fv2%2Fproduct_tag&post=16906"}],"curies":[{"name":"wp","href":"https:\/\/api.w.org\/{rel}","templated":true}]}}