{"id":16870,"date":"2021-01-24T18:03:25","date_gmt":"2021-01-24T20:03:25","guid":{"rendered":"http:\/\/ecursos.treinaonline.com\/produto\/curso-de-estrategia-de-avaliacao-de-pessoas-introducao\/"},"modified":"2021-01-24T18:03:25","modified_gmt":"2021-01-24T20:03:25","slug":"curso-de-estrategia-de-avaliacao-de-pessoas-introducao","status":"publish","type":"product","link":"https:\/\/treina.online\/?product=curso-de-estrategia-de-avaliacao-de-pessoas-introducao","title":{"rendered":"Curso de Estrat\u00e9gia de Avalia\u00e7\u00e3o de Pessoas: Introdu\u00e7\u00e3o"},"content":{"rendered":"<p>Voc\u00ea aprende O Conceito de Avalia\u00e7\u00e3o de Pessoas, Hist\u00f3ria de Avalia\u00e7\u00e3o de Pessoas, Objetivos da Avalia\u00e7\u00e3o de Desempenho e A Avalia\u00e7\u00e3o de Pessoas sob uma \u00d3tica Empresarial.<\/p>\n<p>Sobre a carga hor\u00e1ria:<br \/>\nO curso possui 5 horas de carga hor\u00e1ria.<\/p>\n","protected":false},"excerpt":{"rendered":"<p>Voc\u00ea aprende O Conceito de Avalia\u00e7\u00e3o de Pessoas, Hist\u00f3ria de Avalia\u00e7\u00e3o de Pessoas, Objetivos da Avalia\u00e7\u00e3o de Desempenho e A Avalia\u00e7\u00e3o de Pessoas sob uma \u00d3tica Empresarial. Sobre a carga hor\u00e1ria: O curso possui 5 horas de carga hor\u00e1ria.<\/p>\n","protected":false},"featured_media":0,"comment_status":"open","ping_status":"closed","template":"","meta":[],"product_brand":[],"product_cat":[236],"product_tag":[],"class_list":{"0":"post-16870","1":"product","2":"type-product","3":"status-publish","5":"product_cat-recursos-humanos","6":"post","8":"first","9":"instock","10":"virtual","11":"sold-individually","12":"product-type-simple"},"_links":{"self":[{"href":"https:\/\/treina.online\/index.php?rest_route=\/wp\/v2\/product\/16870","targetHints":{"allow":["GET"]}}],"collection":[{"href":"https:\/\/treina.online\/index.php?rest_route=\/wp\/v2\/product"}],"about":[{"href":"https:\/\/treina.online\/index.php?rest_route=\/wp\/v2\/types\/product"}],"replies":[{"embeddable":true,"href":"https:\/\/treina.online\/index.php?rest_route=%2Fwp%2Fv2%2Fcomments&post=16870"}],"version-history":[{"count":0,"href":"https:\/\/treina.online\/index.php?rest_route=\/wp\/v2\/product\/16870\/revisions"}],"wp:attachment":[{"href":"https:\/\/treina.online\/index.php?rest_route=%2Fwp%2Fv2%2Fmedia&parent=16870"}],"wp:term":[{"taxonomy":"product_brand","embeddable":true,"href":"https:\/\/treina.online\/index.php?rest_route=%2Fwp%2Fv2%2Fproduct_brand&post=16870"},{"taxonomy":"product_cat","embeddable":true,"href":"https:\/\/treina.online\/index.php?rest_route=%2Fwp%2Fv2%2Fproduct_cat&post=16870"},{"taxonomy":"product_tag","embeddable":true,"href":"https:\/\/treina.online\/index.php?rest_route=%2Fwp%2Fv2%2Fproduct_tag&post=16870"}],"curies":[{"name":"wp","href":"https:\/\/api.w.org\/{rel}","templated":true}]}}