{"id":16856,"date":"2021-01-24T18:03:08","date_gmt":"2021-01-24T20:03:08","guid":{"rendered":"http:\/\/ecursos.treinaonline.com\/produto\/curso-de-entendendo-o-novo-consumidor-geracao-z\/"},"modified":"2021-01-24T18:03:08","modified_gmt":"2021-01-24T20:03:08","slug":"curso-de-entendendo-o-novo-consumidor-geracao-z","status":"publish","type":"product","link":"https:\/\/treina.online\/?product=curso-de-entendendo-o-novo-consumidor-geracao-z","title":{"rendered":"Curso de Entendendo o Novo Consumidor: Gera\u00e7\u00e3o Z"},"content":{"rendered":"<p>Apresenta Entendendo a Gera\u00e7\u00e3o Z, Quem s\u00e3o os consumidores da Gera\u00e7\u00e3o Z? e O que a Gera\u00e7\u00e3o Z busca?.<\/p>\n<p>Sobre a carga hor\u00e1ria:<br \/>\nO curso possui 2 horas de carga hor\u00e1ria.<\/p>\n","protected":false},"excerpt":{"rendered":"<p>Apresenta Entendendo a Gera\u00e7\u00e3o Z, Quem s\u00e3o os consumidores da Gera\u00e7\u00e3o Z? e O que a Gera\u00e7\u00e3o Z busca?. Sobre a carga hor\u00e1ria: O curso possui 2 horas de carga hor\u00e1ria.<\/p>\n","protected":false},"featured_media":0,"comment_status":"open","ping_status":"closed","template":"","meta":[],"product_brand":[],"product_cat":[235],"product_tag":[],"class_list":{"0":"post-16856","1":"product","2":"type-product","3":"status-publish","5":"product_cat-publicidade-e-marketing","6":"post","8":"first","9":"instock","10":"virtual","11":"sold-individually","12":"product-type-simple"},"_links":{"self":[{"href":"https:\/\/treina.online\/index.php?rest_route=\/wp\/v2\/product\/16856","targetHints":{"allow":["GET"]}}],"collection":[{"href":"https:\/\/treina.online\/index.php?rest_route=\/wp\/v2\/product"}],"about":[{"href":"https:\/\/treina.online\/index.php?rest_route=\/wp\/v2\/types\/product"}],"replies":[{"embeddable":true,"href":"https:\/\/treina.online\/index.php?rest_route=%2Fwp%2Fv2%2Fcomments&post=16856"}],"version-history":[{"count":0,"href":"https:\/\/treina.online\/index.php?rest_route=\/wp\/v2\/product\/16856\/revisions"}],"wp:attachment":[{"href":"https:\/\/treina.online\/index.php?rest_route=%2Fwp%2Fv2%2Fmedia&parent=16856"}],"wp:term":[{"taxonomy":"product_brand","embeddable":true,"href":"https:\/\/treina.online\/index.php?rest_route=%2Fwp%2Fv2%2Fproduct_brand&post=16856"},{"taxonomy":"product_cat","embeddable":true,"href":"https:\/\/treina.online\/index.php?rest_route=%2Fwp%2Fv2%2Fproduct_cat&post=16856"},{"taxonomy":"product_tag","embeddable":true,"href":"https:\/\/treina.online\/index.php?rest_route=%2Fwp%2Fv2%2Fproduct_tag&post=16856"}],"curies":[{"name":"wp","href":"https:\/\/api.w.org\/{rel}","templated":true}]}}