{"id":16838,"date":"2021-01-24T18:02:45","date_gmt":"2021-01-24T20:02:45","guid":{"rendered":"http:\/\/ecursos.treinaonline.com\/produto\/curso-de-educacao-infantil-de-alta-performance\/"},"modified":"2021-01-24T18:02:45","modified_gmt":"2021-01-24T20:02:45","slug":"curso-de-educacao-infantil-de-alta-performance","status":"publish","type":"product","link":"https:\/\/treina.online\/?product=curso-de-educacao-infantil-de-alta-performance","title":{"rendered":"Curso de Educa\u00e7\u00e3o Infantil de Alta Performance"},"content":{"rendered":"<p>Voc\u00ea compreender\u00e1 a influ\u00eancia da neuroci\u00eancia na pr\u00e1tica pedag\u00f3gica, os cuidados espec\u00edficos com beb\u00eas de 0 a 3 anos de idade, os aspectos legais da educa\u00e7\u00e3o infantil e as quest\u00f5es executivas.<\/p>\n<p>Sobre a carga hor\u00e1ria:<br \/>\nO curso possui 80 horas de carga hor\u00e1ria. Por\u00e9m, se for conclu\u00eddo antes de 5 dias, passa a ter 10 horas de carga hor\u00e1ria. Conforme nosso contrato e termos de uso.<\/p>\n","protected":false},"excerpt":{"rendered":"<p>Voc\u00ea compreender\u00e1 a influ\u00eancia da neuroci\u00eancia na pr\u00e1tica pedag\u00f3gica, os cuidados espec\u00edficos com beb\u00eas de 0 a 3 anos de idade, os aspectos legais da educa\u00e7\u00e3o infantil e as quest\u00f5es executivas. Sobre a carga hor\u00e1ria: O curso possui 80 horas de carga hor\u00e1ria. Por\u00e9m, se for conclu\u00eddo antes de 5 dias, passa a ter 10 horas de carga hor\u00e1ria. Conforme [&hellip;]<\/p>\n","protected":false},"featured_media":0,"comment_status":"open","ping_status":"closed","template":"","meta":[],"product_brand":[],"product_cat":[213],"product_tag":[],"class_list":{"0":"post-16838","1":"product","2":"type-product","3":"status-publish","5":"product_cat-educacao-e-pedagogia","6":"post","8":"first","9":"instock","10":"virtual","11":"sold-individually","12":"product-type-simple"},"_links":{"self":[{"href":"https:\/\/treina.online\/index.php?rest_route=\/wp\/v2\/product\/16838","targetHints":{"allow":["GET"]}}],"collection":[{"href":"https:\/\/treina.online\/index.php?rest_route=\/wp\/v2\/product"}],"about":[{"href":"https:\/\/treina.online\/index.php?rest_route=\/wp\/v2\/types\/product"}],"replies":[{"embeddable":true,"href":"https:\/\/treina.online\/index.php?rest_route=%2Fwp%2Fv2%2Fcomments&post=16838"}],"version-history":[{"count":0,"href":"https:\/\/treina.online\/index.php?rest_route=\/wp\/v2\/product\/16838\/revisions"}],"wp:attachment":[{"href":"https:\/\/treina.online\/index.php?rest_route=%2Fwp%2Fv2%2Fmedia&parent=16838"}],"wp:term":[{"taxonomy":"product_brand","embeddable":true,"href":"https:\/\/treina.online\/index.php?rest_route=%2Fwp%2Fv2%2Fproduct_brand&post=16838"},{"taxonomy":"product_cat","embeddable":true,"href":"https:\/\/treina.online\/index.php?rest_route=%2Fwp%2Fv2%2Fproduct_cat&post=16838"},{"taxonomy":"product_tag","embeddable":true,"href":"https:\/\/treina.online\/index.php?rest_route=%2Fwp%2Fv2%2Fproduct_tag&post=16838"}],"curies":[{"name":"wp","href":"https:\/\/api.w.org\/{rel}","templated":true}]}}