{"id":16792,"date":"2021-01-24T18:01:46","date_gmt":"2021-01-24T20:01:46","guid":{"rendered":"http:\/\/ecursos.treinaonline.com\/produto\/curso-de-direito-do-consumidor\/"},"modified":"2021-01-24T18:01:46","modified_gmt":"2021-01-24T20:01:46","slug":"curso-de-direito-do-consumidor","status":"publish","type":"product","link":"https:\/\/treina.online\/?product=curso-de-direito-do-consumidor","title":{"rendered":"Curso de Direito do Consumidor"},"content":{"rendered":"<p>Veremos exemplos pr\u00e1ticos de sociedade do consumo, das rela\u00e7\u00f5es de consumo, fato do produto, fato do servi\u00e7o, v\u00edcio do produto do servi\u00e7o e a defini\u00e7\u00e3o clara de consumidor e fornecedor.<\/p>\n<p>Sobre a carga hor\u00e1ria:<br \/>\nO curso possui 80 horas de carga hor\u00e1ria. Por\u00e9m, se for conclu\u00eddo antes de 5 dias, passa a ter 10 horas de carga hor\u00e1ria. Conforme nosso contrato e termos de uso.<\/p>\n","protected":false},"excerpt":{"rendered":"<p>Veremos exemplos pr\u00e1ticos de sociedade do consumo, das rela\u00e7\u00f5es de consumo, fato do produto, fato do servi\u00e7o, v\u00edcio do produto do servi\u00e7o e a defini\u00e7\u00e3o clara de consumidor e fornecedor. Sobre a carga hor\u00e1ria: O curso possui 80 horas de carga hor\u00e1ria. Por\u00e9m, se for conclu\u00eddo antes de 5 dias, passa a ter 10 horas de carga hor\u00e1ria. Conforme nosso [&hellip;]<\/p>\n","protected":false},"featured_media":0,"comment_status":"open","ping_status":"closed","template":"","meta":[],"product_brand":[],"product_cat":[211],"product_tag":[],"class_list":{"0":"post-16792","1":"product","2":"type-product","3":"status-publish","5":"product_cat-direito","6":"post","8":"first","9":"instock","10":"virtual","11":"sold-individually","12":"product-type-simple"},"_links":{"self":[{"href":"https:\/\/treina.online\/index.php?rest_route=\/wp\/v2\/product\/16792","targetHints":{"allow":["GET"]}}],"collection":[{"href":"https:\/\/treina.online\/index.php?rest_route=\/wp\/v2\/product"}],"about":[{"href":"https:\/\/treina.online\/index.php?rest_route=\/wp\/v2\/types\/product"}],"replies":[{"embeddable":true,"href":"https:\/\/treina.online\/index.php?rest_route=%2Fwp%2Fv2%2Fcomments&post=16792"}],"version-history":[{"count":0,"href":"https:\/\/treina.online\/index.php?rest_route=\/wp\/v2\/product\/16792\/revisions"}],"wp:attachment":[{"href":"https:\/\/treina.online\/index.php?rest_route=%2Fwp%2Fv2%2Fmedia&parent=16792"}],"wp:term":[{"taxonomy":"product_brand","embeddable":true,"href":"https:\/\/treina.online\/index.php?rest_route=%2Fwp%2Fv2%2Fproduct_brand&post=16792"},{"taxonomy":"product_cat","embeddable":true,"href":"https:\/\/treina.online\/index.php?rest_route=%2Fwp%2Fv2%2Fproduct_cat&post=16792"},{"taxonomy":"product_tag","embeddable":true,"href":"https:\/\/treina.online\/index.php?rest_route=%2Fwp%2Fv2%2Fproduct_tag&post=16792"}],"curies":[{"name":"wp","href":"https:\/\/api.w.org\/{rel}","templated":true}]}}