{"id":16773,"date":"2021-01-24T18:01:19","date_gmt":"2021-01-24T20:01:19","guid":{"rendered":"http:\/\/ecursos.treinaonline.com\/produto\/curso-de-design-de-apresentacao\/"},"modified":"2021-01-24T18:01:19","modified_gmt":"2021-01-24T20:01:19","slug":"curso-de-design-de-apresentacao","status":"publish","type":"product","link":"https:\/\/treina.online\/?product=curso-de-design-de-apresentacao","title":{"rendered":"Curso de Design de Apresenta\u00e7\u00e3o"},"content":{"rendered":"<p>Aborda a parte te\u00f3rica, ou seja, quais as linhas de racioc\u00ednio que o mercado utiliza para criar um modelo de apresenta\u00e7\u00e3o e a parte pr\u00e1tica utilizando as principais ferramentas que o mercado utiliza: o Prezi, PowerPoint e o KeyNote.<\/p>\n<p>Sobre a carga hor\u00e1ria:<br \/>\nO curso possui 80 horas de carga hor\u00e1ria. Por\u00e9m, se for conclu\u00eddo antes de 5 dias, passa a ter 10 horas de carga hor\u00e1ria. Conforme nosso contrato e termos de uso.<\/p>\n","protected":false},"excerpt":{"rendered":"<p>Aborda a parte te\u00f3rica, ou seja, quais as linhas de racioc\u00ednio que o mercado utiliza para criar um modelo de apresenta\u00e7\u00e3o e a parte pr\u00e1tica utilizando as principais ferramentas que o mercado utiliza: o Prezi, PowerPoint e o KeyNote. Sobre a carga hor\u00e1ria: O curso possui 80 horas de carga hor\u00e1ria. Por\u00e9m, se for conclu\u00eddo antes de 5 dias, passa [&hellip;]<\/p>\n","protected":false},"featured_media":0,"comment_status":"open","ping_status":"closed","template":"","meta":[],"product_brand":[],"product_cat":[201],"product_tag":[],"class_list":{"0":"post-16773","1":"product","2":"type-product","3":"status-publish","5":"product_cat-animacoes-e-design","6":"post","8":"first","9":"instock","10":"virtual","11":"sold-individually","12":"product-type-simple"},"_links":{"self":[{"href":"https:\/\/treina.online\/index.php?rest_route=\/wp\/v2\/product\/16773","targetHints":{"allow":["GET"]}}],"collection":[{"href":"https:\/\/treina.online\/index.php?rest_route=\/wp\/v2\/product"}],"about":[{"href":"https:\/\/treina.online\/index.php?rest_route=\/wp\/v2\/types\/product"}],"replies":[{"embeddable":true,"href":"https:\/\/treina.online\/index.php?rest_route=%2Fwp%2Fv2%2Fcomments&post=16773"}],"version-history":[{"count":0,"href":"https:\/\/treina.online\/index.php?rest_route=\/wp\/v2\/product\/16773\/revisions"}],"wp:attachment":[{"href":"https:\/\/treina.online\/index.php?rest_route=%2Fwp%2Fv2%2Fmedia&parent=16773"}],"wp:term":[{"taxonomy":"product_brand","embeddable":true,"href":"https:\/\/treina.online\/index.php?rest_route=%2Fwp%2Fv2%2Fproduct_brand&post=16773"},{"taxonomy":"product_cat","embeddable":true,"href":"https:\/\/treina.online\/index.php?rest_route=%2Fwp%2Fv2%2Fproduct_cat&post=16773"},{"taxonomy":"product_tag","embeddable":true,"href":"https:\/\/treina.online\/index.php?rest_route=%2Fwp%2Fv2%2Fproduct_tag&post=16773"}],"curies":[{"name":"wp","href":"https:\/\/api.w.org\/{rel}","templated":true}]}}