{"id":16764,"date":"2021-01-24T18:01:08","date_gmt":"2021-01-24T20:01:08","guid":{"rendered":"http:\/\/ecursos.treinaonline.com\/produto\/curso-de-desenho-artistico-escala-esboco-e-deliamento\/"},"modified":"2021-01-24T18:01:08","modified_gmt":"2021-01-24T20:01:08","slug":"curso-de-desenho-artistico-escala-esboco-e-deliamento","status":"publish","type":"product","link":"https:\/\/treina.online\/?product=curso-de-desenho-artistico-escala-esboco-e-deliamento","title":{"rendered":"Curso de Desenho Art\u00edstico: Escala, Esbo\u00e7o e Deliamento"},"content":{"rendered":"<p>Aborda As rela\u00e7\u00f5es entre os objetos, Escalas e medidas, A propor\u00e7\u00e3o e o desenho, O que \u00e9 esbo\u00e7o, Objetivo do esbo\u00e7o, Aplica\u00e7\u00e3o pr\u00e1tica de esbo\u00e7o, O que \u00e9 delineamento, Objetivo do delineamento e Aplica\u00e7\u00e3o pr\u00e1tica de delineamento.<\/p>\n<p>Sobre a carga hor\u00e1ria:<br \/>\nO curso possui 10 horas de carga hor\u00e1ria.<\/p>\n","protected":false},"excerpt":{"rendered":"<p>Aborda As rela\u00e7\u00f5es entre os objetos, Escalas e medidas, A propor\u00e7\u00e3o e o desenho, O que \u00e9 esbo\u00e7o, Objetivo do esbo\u00e7o, Aplica\u00e7\u00e3o pr\u00e1tica de esbo\u00e7o, O que \u00e9 delineamento, Objetivo do delineamento e Aplica\u00e7\u00e3o pr\u00e1tica de delineamento. Sobre a carga hor\u00e1ria: O curso possui 10 horas de carga hor\u00e1ria.<\/p>\n","protected":false},"featured_media":0,"comment_status":"open","ping_status":"closed","template":"","meta":[],"product_brand":[],"product_cat":[201],"product_tag":[],"class_list":{"0":"post-16764","1":"product","2":"type-product","3":"status-publish","5":"product_cat-animacoes-e-design","6":"post","8":"first","9":"instock","10":"virtual","11":"sold-individually","12":"product-type-simple"},"_links":{"self":[{"href":"https:\/\/treina.online\/index.php?rest_route=\/wp\/v2\/product\/16764","targetHints":{"allow":["GET"]}}],"collection":[{"href":"https:\/\/treina.online\/index.php?rest_route=\/wp\/v2\/product"}],"about":[{"href":"https:\/\/treina.online\/index.php?rest_route=\/wp\/v2\/types\/product"}],"replies":[{"embeddable":true,"href":"https:\/\/treina.online\/index.php?rest_route=%2Fwp%2Fv2%2Fcomments&post=16764"}],"version-history":[{"count":0,"href":"https:\/\/treina.online\/index.php?rest_route=\/wp\/v2\/product\/16764\/revisions"}],"wp:attachment":[{"href":"https:\/\/treina.online\/index.php?rest_route=%2Fwp%2Fv2%2Fmedia&parent=16764"}],"wp:term":[{"taxonomy":"product_brand","embeddable":true,"href":"https:\/\/treina.online\/index.php?rest_route=%2Fwp%2Fv2%2Fproduct_brand&post=16764"},{"taxonomy":"product_cat","embeddable":true,"href":"https:\/\/treina.online\/index.php?rest_route=%2Fwp%2Fv2%2Fproduct_cat&post=16764"},{"taxonomy":"product_tag","embeddable":true,"href":"https:\/\/treina.online\/index.php?rest_route=%2Fwp%2Fv2%2Fproduct_tag&post=16764"}],"curies":[{"name":"wp","href":"https:\/\/api.w.org\/{rel}","templated":true}]}}