{"id":16711,"date":"2021-01-24T17:59:52","date_gmt":"2021-01-24T19:59:52","guid":{"rendered":"http:\/\/ecursos.treinaonline.com\/produto\/curso-de-crepes-waffles-e-panquecas\/"},"modified":"2021-01-24T17:59:52","modified_gmt":"2021-01-24T19:59:52","slug":"curso-de-crepes-waffles-e-panquecas","status":"publish","type":"product","link":"https:\/\/treina.online\/?product=curso-de-crepes-waffles-e-panquecas","title":{"rendered":"Curso de Crepes, Waffles e Panquecas"},"content":{"rendered":"<p>Ensina receitas deliciosas de crepes, waffles e panquecas. Voc\u00ea ir\u00e1 aprender a fazer bolos de waffles, crepes tradicionais franceses, panquecas de carne mo\u00edda, o tradicional waffle belga, crepe su\u00ed\u00e7o, trouxinha de frango e muito mais.<\/p>\n<p>Sobre a carga hor\u00e1ria:<br \/>\nO curso possui 80 horas de carga hor\u00e1ria. Por\u00e9m, se for conclu\u00eddo antes de 5 dias, passa a ter 10 horas de carga hor\u00e1ria. Conforme nosso contrato e termos de uso.<\/p>\n","protected":false},"excerpt":{"rendered":"<p>Ensina receitas deliciosas de crepes, waffles e panquecas. Voc\u00ea ir\u00e1 aprender a fazer bolos de waffles, crepes tradicionais franceses, panquecas de carne mo\u00edda, o tradicional waffle belga, crepe su\u00ed\u00e7o, trouxinha de frango e muito mais. Sobre a carga hor\u00e1ria: O curso possui 80 horas de carga hor\u00e1ria. Por\u00e9m, se for conclu\u00eddo antes de 5 dias, passa a ter 10 horas [&hellip;]<\/p>\n","protected":false},"featured_media":0,"comment_status":"open","ping_status":"closed","template":"","meta":[],"product_brand":[],"product_cat":[212],"product_tag":[],"class_list":{"0":"post-16711","1":"product","2":"type-product","3":"status-publish","5":"product_cat-doces-e-confeitaria","6":"post","8":"first","9":"instock","10":"virtual","11":"sold-individually","12":"product-type-simple"},"_links":{"self":[{"href":"https:\/\/treina.online\/index.php?rest_route=\/wp\/v2\/product\/16711","targetHints":{"allow":["GET"]}}],"collection":[{"href":"https:\/\/treina.online\/index.php?rest_route=\/wp\/v2\/product"}],"about":[{"href":"https:\/\/treina.online\/index.php?rest_route=\/wp\/v2\/types\/product"}],"replies":[{"embeddable":true,"href":"https:\/\/treina.online\/index.php?rest_route=%2Fwp%2Fv2%2Fcomments&post=16711"}],"version-history":[{"count":0,"href":"https:\/\/treina.online\/index.php?rest_route=\/wp\/v2\/product\/16711\/revisions"}],"wp:attachment":[{"href":"https:\/\/treina.online\/index.php?rest_route=%2Fwp%2Fv2%2Fmedia&parent=16711"}],"wp:term":[{"taxonomy":"product_brand","embeddable":true,"href":"https:\/\/treina.online\/index.php?rest_route=%2Fwp%2Fv2%2Fproduct_brand&post=16711"},{"taxonomy":"product_cat","embeddable":true,"href":"https:\/\/treina.online\/index.php?rest_route=%2Fwp%2Fv2%2Fproduct_cat&post=16711"},{"taxonomy":"product_tag","embeddable":true,"href":"https:\/\/treina.online\/index.php?rest_route=%2Fwp%2Fv2%2Fproduct_tag&post=16711"}],"curies":[{"name":"wp","href":"https:\/\/api.w.org\/{rel}","templated":true}]}}