{"id":16655,"date":"2021-01-24T17:58:48","date_gmt":"2021-01-24T19:58:48","guid":{"rendered":"http:\/\/ecursos.treinaonline.com\/produto\/curso-de-como-montar-vitrines-elaboracao-de-display\/"},"modified":"2021-01-24T17:58:48","modified_gmt":"2021-01-24T19:58:48","slug":"curso-de-como-montar-vitrines-elaboracao-de-display","status":"publish","type":"product","link":"https:\/\/treina.online\/?product=curso-de-como-montar-vitrines-elaboracao-de-display","title":{"rendered":"Curso de Como Montar Vitrines: Elabora\u00e7\u00e3o de display"},"content":{"rendered":"<p>Explica Elabora\u00e7\u00e3o de display, De grandes empresas a pequenos com\u00e9rcios, 5 Passos: Estrat\u00e9gia, 5 Passos: Gest\u00e3o e vendas, 5 Passos: Foco em vendas, 5 Passos: Comunica\u00e7\u00e3o, 5 Passos: Sedu\u00e7\u00e3o e Aplica\u00e7\u00f5es dos 5 passos em vitrines.<\/p>\n<p>Sobre a carga hor\u00e1ria:<br \/>\nO curso possui 10 horas de carga hor\u00e1ria.<\/p>\n","protected":false},"excerpt":{"rendered":"<p>Explica Elabora\u00e7\u00e3o de display, De grandes empresas a pequenos com\u00e9rcios, 5 Passos: Estrat\u00e9gia, 5 Passos: Gest\u00e3o e vendas, 5 Passos: Foco em vendas, 5 Passos: Comunica\u00e7\u00e3o, 5 Passos: Sedu\u00e7\u00e3o e Aplica\u00e7\u00f5es dos 5 passos em vitrines. Sobre a carga hor\u00e1ria: O curso possui 10 horas de carga hor\u00e1ria.<\/p>\n","protected":false},"featured_media":0,"comment_status":"open","ping_status":"closed","template":"","meta":[],"product_brand":[],"product_cat":[226],"product_tag":[],"class_list":{"0":"post-16655","1":"product","2":"type-product","3":"status-publish","5":"product_cat-iniciacao-profissional","6":"post","8":"first","9":"instock","10":"virtual","11":"sold-individually","12":"product-type-simple"},"_links":{"self":[{"href":"https:\/\/treina.online\/index.php?rest_route=\/wp\/v2\/product\/16655","targetHints":{"allow":["GET"]}}],"collection":[{"href":"https:\/\/treina.online\/index.php?rest_route=\/wp\/v2\/product"}],"about":[{"href":"https:\/\/treina.online\/index.php?rest_route=\/wp\/v2\/types\/product"}],"replies":[{"embeddable":true,"href":"https:\/\/treina.online\/index.php?rest_route=%2Fwp%2Fv2%2Fcomments&post=16655"}],"version-history":[{"count":0,"href":"https:\/\/treina.online\/index.php?rest_route=\/wp\/v2\/product\/16655\/revisions"}],"wp:attachment":[{"href":"https:\/\/treina.online\/index.php?rest_route=%2Fwp%2Fv2%2Fmedia&parent=16655"}],"wp:term":[{"taxonomy":"product_brand","embeddable":true,"href":"https:\/\/treina.online\/index.php?rest_route=%2Fwp%2Fv2%2Fproduct_brand&post=16655"},{"taxonomy":"product_cat","embeddable":true,"href":"https:\/\/treina.online\/index.php?rest_route=%2Fwp%2Fv2%2Fproduct_cat&post=16655"},{"taxonomy":"product_tag","embeddable":true,"href":"https:\/\/treina.online\/index.php?rest_route=%2Fwp%2Fv2%2Fproduct_tag&post=16655"}],"curies":[{"name":"wp","href":"https:\/\/api.w.org\/{rel}","templated":true}]}}