{"id":16649,"date":"2021-01-24T17:58:43","date_gmt":"2021-01-24T19:58:43","guid":{"rendered":"http:\/\/ecursos.treinaonline.com\/produto\/curso-de-como-fidelizar-clientes\/"},"modified":"2021-01-24T17:58:43","modified_gmt":"2021-01-24T19:58:43","slug":"curso-de-como-fidelizar-clientes","status":"publish","type":"product","link":"https:\/\/treina.online\/?product=curso-de-como-fidelizar-clientes","title":{"rendered":"Curso de Como Fidelizar Clientes"},"content":{"rendered":"<p>Apresenta os seguintes t\u00f3picos: &#8220;Como Fidelizar seus Clientes&#8221;, &#8220;Voc\u00ea Pensa com qual Bolso pra Vender?&#8221;, &#8220;Atender \u00e9 ir al\u00e9m das Expectativas&#8221;, &#8220;Transpar\u00eancia e seu Cliente andam Juntos&#8221;, &#8220;E quando tudo d\u00e1 errado?&#8221; e &#8220;O Cliente quer Comprar um Sonho&#8221;.<\/p>\n<p>Sobre a carga hor\u00e1ria:<br \/>\nO curso possui 10 horas de carga hor\u00e1ria.<\/p>\n","protected":false},"excerpt":{"rendered":"<p>Apresenta os seguintes t\u00f3picos: &#8220;Como Fidelizar seus Clientes&#8221;, &#8220;Voc\u00ea Pensa com qual Bolso pra Vender?&#8221;, &#8220;Atender \u00e9 ir al\u00e9m das Expectativas&#8221;, &#8220;Transpar\u00eancia e seu Cliente andam Juntos&#8221;, &#8220;E quando tudo d\u00e1 errado?&#8221; e &#8220;O Cliente quer Comprar um Sonho&#8221;. Sobre a carga hor\u00e1ria: O curso possui 10 horas de carga hor\u00e1ria.<\/p>\n","protected":false},"featured_media":0,"comment_status":"open","ping_status":"closed","template":"","meta":[],"product_brand":[],"product_cat":[235],"product_tag":[],"class_list":{"0":"post-16649","1":"product","2":"type-product","3":"status-publish","5":"product_cat-publicidade-e-marketing","6":"post","8":"first","9":"instock","10":"virtual","11":"sold-individually","12":"product-type-simple"},"_links":{"self":[{"href":"https:\/\/treina.online\/index.php?rest_route=\/wp\/v2\/product\/16649","targetHints":{"allow":["GET"]}}],"collection":[{"href":"https:\/\/treina.online\/index.php?rest_route=\/wp\/v2\/product"}],"about":[{"href":"https:\/\/treina.online\/index.php?rest_route=\/wp\/v2\/types\/product"}],"replies":[{"embeddable":true,"href":"https:\/\/treina.online\/index.php?rest_route=%2Fwp%2Fv2%2Fcomments&post=16649"}],"version-history":[{"count":0,"href":"https:\/\/treina.online\/index.php?rest_route=\/wp\/v2\/product\/16649\/revisions"}],"wp:attachment":[{"href":"https:\/\/treina.online\/index.php?rest_route=%2Fwp%2Fv2%2Fmedia&parent=16649"}],"wp:term":[{"taxonomy":"product_brand","embeddable":true,"href":"https:\/\/treina.online\/index.php?rest_route=%2Fwp%2Fv2%2Fproduct_brand&post=16649"},{"taxonomy":"product_cat","embeddable":true,"href":"https:\/\/treina.online\/index.php?rest_route=%2Fwp%2Fv2%2Fproduct_cat&post=16649"},{"taxonomy":"product_tag","embeddable":true,"href":"https:\/\/treina.online\/index.php?rest_route=%2Fwp%2Fv2%2Fproduct_tag&post=16649"}],"curies":[{"name":"wp","href":"https:\/\/api.w.org\/{rel}","templated":true}]}}