{"id":16645,"date":"2021-01-24T17:58:39","date_gmt":"2021-01-24T19:58:39","guid":{"rendered":"http:\/\/ecursos.treinaonline.com\/produto\/curso-de-como-fazer-planilhas-incriveis-com-excel\/"},"modified":"2021-01-24T17:58:39","modified_gmt":"2021-01-24T19:58:39","slug":"curso-de-como-fazer-planilhas-incriveis-com-excel","status":"publish","type":"product","link":"https:\/\/treina.online\/?product=curso-de-como-fazer-planilhas-incriveis-com-excel","title":{"rendered":"Curso de Como fazer planilhas incr\u00edveis com Excel"},"content":{"rendered":"<p>Ensina as principais ferramentas e f\u00f3rmulas do Excel 2010. O Office Excel \u00e9 um editor de planilhas produzido pela Microsoft. Nesse curso voc\u00ea vai entender as principais fun\u00e7\u00f5es que esse programa oferece e, al\u00e9m disso, vai aprender a trabalhar com planilhas e in\u00fameras f\u00f3rmulas do Excel como: soma, m\u00e1ximo, m\u00ednimo, se, soma-se, m\u00e9dia, proc-v, proch, cont-se, gr\u00e1ficos, filtros e muitos mais.<\/p>\n<p>Sobre a carga hor\u00e1ria:<br \/>\nO curso possui 80 horas de carga hor\u00e1ria. Por\u00e9m, se for conclu\u00eddo antes de 5 dias, passa a ter 10 horas de carga hor\u00e1ria. Conforme nosso contrato e termos de uso.<\/p>\n","protected":false},"excerpt":{"rendered":"<p>Ensina as principais ferramentas e f\u00f3rmulas do Excel 2010. O Office Excel \u00e9 um editor de planilhas produzido pela Microsoft. Nesse curso voc\u00ea vai entender as principais fun\u00e7\u00f5es que esse programa oferece e, al\u00e9m disso, vai aprender a trabalhar com planilhas e in\u00fameras f\u00f3rmulas do Excel como: soma, m\u00e1ximo, m\u00ednimo, se, soma-se, m\u00e9dia, proc-v, proch, cont-se, gr\u00e1ficos, filtros e muitos [&hellip;]<\/p>\n","protected":false},"featured_media":0,"comment_status":"open","ping_status":"closed","template":"","meta":[],"product_brand":[],"product_cat":[225],"product_tag":[],"class_list":{"0":"post-16645","1":"product","2":"type-product","3":"status-publish","5":"product_cat-informatica","6":"post","8":"first","9":"instock","10":"virtual","11":"sold-individually","12":"product-type-simple"},"_links":{"self":[{"href":"https:\/\/treina.online\/index.php?rest_route=\/wp\/v2\/product\/16645","targetHints":{"allow":["GET"]}}],"collection":[{"href":"https:\/\/treina.online\/index.php?rest_route=\/wp\/v2\/product"}],"about":[{"href":"https:\/\/treina.online\/index.php?rest_route=\/wp\/v2\/types\/product"}],"replies":[{"embeddable":true,"href":"https:\/\/treina.online\/index.php?rest_route=%2Fwp%2Fv2%2Fcomments&post=16645"}],"version-history":[{"count":0,"href":"https:\/\/treina.online\/index.php?rest_route=\/wp\/v2\/product\/16645\/revisions"}],"wp:attachment":[{"href":"https:\/\/treina.online\/index.php?rest_route=%2Fwp%2Fv2%2Fmedia&parent=16645"}],"wp:term":[{"taxonomy":"product_brand","embeddable":true,"href":"https:\/\/treina.online\/index.php?rest_route=%2Fwp%2Fv2%2Fproduct_brand&post=16645"},{"taxonomy":"product_cat","embeddable":true,"href":"https:\/\/treina.online\/index.php?rest_route=%2Fwp%2Fv2%2Fproduct_cat&post=16645"},{"taxonomy":"product_tag","embeddable":true,"href":"https:\/\/treina.online\/index.php?rest_route=%2Fwp%2Fv2%2Fproduct_tag&post=16645"}],"curies":[{"name":"wp","href":"https:\/\/api.w.org\/{rel}","templated":true}]}}