{"id":16629,"date":"2021-01-24T17:58:16","date_gmt":"2021-01-24T19:58:16","guid":{"rendered":"http:\/\/ecursos.treinaonline.com\/produto\/curso-de-como-criar-sites-com-wordpress\/"},"modified":"2021-01-24T17:58:16","modified_gmt":"2021-01-24T19:58:16","slug":"curso-de-como-criar-sites-com-wordpress","status":"publish","type":"product","link":"https:\/\/treina.online\/?product=curso-de-como-criar-sites-com-wordpress","title":{"rendered":"Curso de Como Criar Sites com WordPress"},"content":{"rendered":"<p>Apresenta todos os pontos mais importantes para a cria\u00e7\u00e3o de sites bem elaborados e modernos utilizando todas as ferramentas do wordpress. Aqui voc\u00ea vai aprender desde a cria\u00e7\u00e3o de um layout profissional no fireworks, at\u00e9 a cria\u00e7\u00e3o de cada uma das partes do site no dreamweaver, e por fim, como transformar seu site em um tema para WordPress passando por todas as principais ferramentas que ele possui.<\/p>\n<p>Sobre a carga hor\u00e1ria:<br \/>\nO curso possui 80 horas de carga hor\u00e1ria. Por\u00e9m, se for conclu\u00eddo antes de 5 dias, passa a ter 10 horas de carga hor\u00e1ria. Conforme nosso contrato e termos de uso.<\/p>\n","protected":false},"excerpt":{"rendered":"<p>Apresenta todos os pontos mais importantes para a cria\u00e7\u00e3o de sites bem elaborados e modernos utilizando todas as ferramentas do wordpress. Aqui voc\u00ea vai aprender desde a cria\u00e7\u00e3o de um layout profissional no fireworks, at\u00e9 a cria\u00e7\u00e3o de cada uma das partes do site no dreamweaver, e por fim, como transformar seu site em um tema para WordPress passando por [&hellip;]<\/p>\n","protected":false},"featured_media":0,"comment_status":"open","ping_status":"closed","template":"","meta":[],"product_brand":[],"product_cat":[225],"product_tag":[],"class_list":{"0":"post-16629","1":"product","2":"type-product","3":"status-publish","5":"product_cat-informatica","6":"post","8":"first","9":"instock","10":"virtual","11":"sold-individually","12":"product-type-simple"},"_links":{"self":[{"href":"https:\/\/treina.online\/index.php?rest_route=\/wp\/v2\/product\/16629","targetHints":{"allow":["GET"]}}],"collection":[{"href":"https:\/\/treina.online\/index.php?rest_route=\/wp\/v2\/product"}],"about":[{"href":"https:\/\/treina.online\/index.php?rest_route=\/wp\/v2\/types\/product"}],"replies":[{"embeddable":true,"href":"https:\/\/treina.online\/index.php?rest_route=%2Fwp%2Fv2%2Fcomments&post=16629"}],"version-history":[{"count":0,"href":"https:\/\/treina.online\/index.php?rest_route=\/wp\/v2\/product\/16629\/revisions"}],"wp:attachment":[{"href":"https:\/\/treina.online\/index.php?rest_route=%2Fwp%2Fv2%2Fmedia&parent=16629"}],"wp:term":[{"taxonomy":"product_brand","embeddable":true,"href":"https:\/\/treina.online\/index.php?rest_route=%2Fwp%2Fv2%2Fproduct_brand&post=16629"},{"taxonomy":"product_cat","embeddable":true,"href":"https:\/\/treina.online\/index.php?rest_route=%2Fwp%2Fv2%2Fproduct_cat&post=16629"},{"taxonomy":"product_tag","embeddable":true,"href":"https:\/\/treina.online\/index.php?rest_route=%2Fwp%2Fv2%2Fproduct_tag&post=16629"}],"curies":[{"name":"wp","href":"https:\/\/api.w.org\/{rel}","templated":true}]}}