{"id":16598,"date":"2021-01-24T17:57:40","date_gmt":"2021-01-24T19:57:40","guid":{"rendered":"http:\/\/ecursos.treinaonline.com\/produto\/curso-de-coaching-e-gestao-de-equipes\/"},"modified":"2021-01-24T17:57:40","modified_gmt":"2021-01-24T19:57:40","slug":"curso-de-coaching-e-gestao-de-equipes","status":"publish","type":"product","link":"https:\/\/treina.online\/?product=curso-de-coaching-e-gestao-de-equipes","title":{"rendered":"Curso de Coaching e Gest\u00e3o de Equipes"},"content":{"rendered":"<p>Apresenta os seguintes t\u00f3picos: Introdu\u00e7\u00e3o ao Coaching , Espa\u00e7o de inspira\u00e7\u00e3o , Desenvolvendo metas e assumindo que voc\u00ea \u00e9 um sucesso, Perguntas poderosas, Quadro de Meta, Valores, Miss\u00e3o, Miss\u00e3o parte 2, Meta S.M.A.R.T , Meta S.M.A.R.T parte 2, Planejamento estrat\u00e9gico semanal , An\u00e1lise de compet\u00eancia    , Post\u0092s de atitude   , Quem pode gerir uma equipe, Lideran\u00e7a, A postura do l\u00edder nos conflitos, Gest\u00e3o de equipe x Lideran\u00e7a, Entendendo o contexto de neg\u00f3cio, Desdobrando em etapas e prazos, Dividindo o trabalho, Comunicando como fazer o trabalho, Estabelecendo padr\u00e3o de qualidade, Como sugerir altera\u00e7\u00f5es, Import\u00e2ncia de se avaliar a equipe, Como avaliar as compet\u00eancias, Como dar feedback imediato, Como dar feedback de desempenho, Conhecendo formas de motivar, Engajamento cont\u00ednuo da equipe, Motivos que geram conflitos, Tipos de indiv\u00edduos presentes na empresa, Produtividade, empatia e regras, Qualidade de Vida no Trabalho e Tend\u00eancias em Gest\u00e3o de Pessoas.<\/p>\n<p>Sobre a carga hor\u00e1ria:<br \/>\nO curso possui 80 horas de carga hor\u00e1ria. Por\u00e9m, se for conclu\u00eddo antes de 5 dias, passa a ter 10 horas de carga hor\u00e1ria. Conforme nosso contrato e termos de uso.<\/p>\n","protected":false},"excerpt":{"rendered":"<p>Apresenta os seguintes t\u00f3picos: Introdu\u00e7\u00e3o ao Coaching , Espa\u00e7o de inspira\u00e7\u00e3o , Desenvolvendo metas e assumindo que voc\u00ea \u00e9 um sucesso, Perguntas poderosas, Quadro de Meta, Valores, Miss\u00e3o, Miss\u00e3o parte 2, Meta S.M.A.R.T , Meta S.M.A.R.T parte 2, Planejamento estrat\u00e9gico semanal , An\u00e1lise de compet\u00eancia , Post\u0092s de atitude , Quem pode gerir uma equipe, Lideran\u00e7a, A postura do l\u00edder [&hellip;]<\/p>\n","protected":false},"featured_media":0,"comment_status":"open","ping_status":"closed","template":"","meta":[],"product_brand":[],"product_cat":[236],"product_tag":[],"class_list":{"0":"post-16598","1":"product","2":"type-product","3":"status-publish","5":"product_cat-recursos-humanos","6":"post","8":"first","9":"instock","10":"virtual","11":"sold-individually","12":"product-type-simple"},"_links":{"self":[{"href":"https:\/\/treina.online\/index.php?rest_route=\/wp\/v2\/product\/16598","targetHints":{"allow":["GET"]}}],"collection":[{"href":"https:\/\/treina.online\/index.php?rest_route=\/wp\/v2\/product"}],"about":[{"href":"https:\/\/treina.online\/index.php?rest_route=\/wp\/v2\/types\/product"}],"replies":[{"embeddable":true,"href":"https:\/\/treina.online\/index.php?rest_route=%2Fwp%2Fv2%2Fcomments&post=16598"}],"version-history":[{"count":0,"href":"https:\/\/treina.online\/index.php?rest_route=\/wp\/v2\/product\/16598\/revisions"}],"wp:attachment":[{"href":"https:\/\/treina.online\/index.php?rest_route=%2Fwp%2Fv2%2Fmedia&parent=16598"}],"wp:term":[{"taxonomy":"product_brand","embeddable":true,"href":"https:\/\/treina.online\/index.php?rest_route=%2Fwp%2Fv2%2Fproduct_brand&post=16598"},{"taxonomy":"product_cat","embeddable":true,"href":"https:\/\/treina.online\/index.php?rest_route=%2Fwp%2Fv2%2Fproduct_cat&post=16598"},{"taxonomy":"product_tag","embeddable":true,"href":"https:\/\/treina.online\/index.php?rest_route=%2Fwp%2Fv2%2Fproduct_tag&post=16598"}],"curies":[{"name":"wp","href":"https:\/\/api.w.org\/{rel}","templated":true}]}}