{"id":16585,"date":"2021-01-24T17:57:25","date_gmt":"2021-01-24T19:57:25","guid":{"rendered":"http:\/\/ecursos.treinaonline.com\/produto\/curso-de-cafe-da-manha-low-carb\/"},"modified":"2021-01-24T17:57:25","modified_gmt":"2021-01-24T19:57:25","slug":"curso-de-cafe-da-manha-low-carb","status":"publish","type":"product","link":"https:\/\/treina.online\/?product=curso-de-cafe-da-manha-low-carb","title":{"rendered":"Curso de Caf\u00e9 da Manh\u00e3 Low Carb"},"content":{"rendered":"<p>Ensina Caf\u00e9 da manh\u00e3 low carb &#8211; Ingredientes, Caf\u00e9 da manh\u00e3 low carb &#8211; Preparo e Caf\u00e9 da manh\u00e3 low carb &#8211; Finaliza\u00e7\u00e3o.<\/p>\n<p>Sobre a carga hor\u00e1ria:<br \/>\nO curso possui 2 horas de carga hor\u00e1ria.<\/p>\n","protected":false},"excerpt":{"rendered":"<p>Ensina Caf\u00e9 da manh\u00e3 low carb &#8211; Ingredientes, Caf\u00e9 da manh\u00e3 low carb &#8211; Preparo e Caf\u00e9 da manh\u00e3 low carb &#8211; Finaliza\u00e7\u00e3o. Sobre a carga hor\u00e1ria: O curso possui 2 horas de carga hor\u00e1ria.<\/p>\n","protected":false},"featured_media":0,"comment_status":"open","ping_status":"closed","template":"","meta":[],"product_brand":[],"product_cat":[208],"product_tag":[],"class_list":{"0":"post-16585","1":"product","2":"type-product","3":"status-publish","5":"product_cat-culinaria-e-gastronomia","6":"post","8":"first","9":"instock","10":"virtual","11":"sold-individually","12":"product-type-simple"},"_links":{"self":[{"href":"https:\/\/treina.online\/index.php?rest_route=\/wp\/v2\/product\/16585","targetHints":{"allow":["GET"]}}],"collection":[{"href":"https:\/\/treina.online\/index.php?rest_route=\/wp\/v2\/product"}],"about":[{"href":"https:\/\/treina.online\/index.php?rest_route=\/wp\/v2\/types\/product"}],"replies":[{"embeddable":true,"href":"https:\/\/treina.online\/index.php?rest_route=%2Fwp%2Fv2%2Fcomments&post=16585"}],"version-history":[{"count":0,"href":"https:\/\/treina.online\/index.php?rest_route=\/wp\/v2\/product\/16585\/revisions"}],"wp:attachment":[{"href":"https:\/\/treina.online\/index.php?rest_route=%2Fwp%2Fv2%2Fmedia&parent=16585"}],"wp:term":[{"taxonomy":"product_brand","embeddable":true,"href":"https:\/\/treina.online\/index.php?rest_route=%2Fwp%2Fv2%2Fproduct_brand&post=16585"},{"taxonomy":"product_cat","embeddable":true,"href":"https:\/\/treina.online\/index.php?rest_route=%2Fwp%2Fv2%2Fproduct_cat&post=16585"},{"taxonomy":"product_tag","embeddable":true,"href":"https:\/\/treina.online\/index.php?rest_route=%2Fwp%2Fv2%2Fproduct_tag&post=16585"}],"curies":[{"name":"wp","href":"https:\/\/api.w.org\/{rel}","templated":true}]}}