{"id":16568,"date":"2021-01-24T17:56:59","date_gmt":"2021-01-24T19:56:59","guid":{"rendered":"http:\/\/ecursos.treinaonline.com\/produto\/curso-de-bolo-fake-e-conceitual\/"},"modified":"2021-01-24T17:56:59","modified_gmt":"2021-01-24T19:56:59","slug":"curso-de-bolo-fake-e-conceitual","status":"publish","type":"product","link":"https:\/\/treina.online\/?product=curso-de-bolo-fake-e-conceitual","title":{"rendered":"Curso de Bolo Fake e Conceitual"},"content":{"rendered":"<p>Apresenta os seguintes t\u00f3picos: Cobrindo Bolo de Isopor com Pasta Americana, Bolo Fake e Preparando o Bolo, Sobrepondo bolos em andares , Bolo conceitual, Confec\u00e7\u00e3o de la\u00e7o e de personagens e Decorando e finalizando o bolo conceitual .<\/p>\n<p>Sobre a carga hor\u00e1ria:<br \/>\nO curso possui 5 horas de carga hor\u00e1ria.<\/p>\n","protected":false},"excerpt":{"rendered":"<p>Apresenta os seguintes t\u00f3picos: Cobrindo Bolo de Isopor com Pasta Americana, Bolo Fake e Preparando o Bolo, Sobrepondo bolos em andares , Bolo conceitual, Confec\u00e7\u00e3o de la\u00e7o e de personagens e Decorando e finalizando o bolo conceitual . Sobre a carga hor\u00e1ria: O curso possui 5 horas de carga hor\u00e1ria.<\/p>\n","protected":false},"featured_media":0,"comment_status":"open","ping_status":"closed","template":"","meta":[],"product_brand":[],"product_cat":[212],"product_tag":[],"class_list":{"0":"post-16568","1":"product","2":"type-product","3":"status-publish","5":"product_cat-doces-e-confeitaria","6":"post","8":"first","9":"instock","10":"virtual","11":"sold-individually","12":"product-type-simple"},"_links":{"self":[{"href":"https:\/\/treina.online\/index.php?rest_route=\/wp\/v2\/product\/16568","targetHints":{"allow":["GET"]}}],"collection":[{"href":"https:\/\/treina.online\/index.php?rest_route=\/wp\/v2\/product"}],"about":[{"href":"https:\/\/treina.online\/index.php?rest_route=\/wp\/v2\/types\/product"}],"replies":[{"embeddable":true,"href":"https:\/\/treina.online\/index.php?rest_route=%2Fwp%2Fv2%2Fcomments&post=16568"}],"version-history":[{"count":0,"href":"https:\/\/treina.online\/index.php?rest_route=\/wp\/v2\/product\/16568\/revisions"}],"wp:attachment":[{"href":"https:\/\/treina.online\/index.php?rest_route=%2Fwp%2Fv2%2Fmedia&parent=16568"}],"wp:term":[{"taxonomy":"product_brand","embeddable":true,"href":"https:\/\/treina.online\/index.php?rest_route=%2Fwp%2Fv2%2Fproduct_brand&post=16568"},{"taxonomy":"product_cat","embeddable":true,"href":"https:\/\/treina.online\/index.php?rest_route=%2Fwp%2Fv2%2Fproduct_cat&post=16568"},{"taxonomy":"product_tag","embeddable":true,"href":"https:\/\/treina.online\/index.php?rest_route=%2Fwp%2Fv2%2Fproduct_tag&post=16568"}],"curies":[{"name":"wp","href":"https:\/\/api.w.org\/{rel}","templated":true}]}}