{"id":16557,"date":"2021-01-24T17:56:41","date_gmt":"2021-01-24T19:56:41","guid":{"rendered":"http:\/\/ecursos.treinaonline.com\/produto\/curso-de-bem-estar-animal-terapeutica-homeopatica\/"},"modified":"2021-01-24T17:56:41","modified_gmt":"2021-01-24T19:56:41","slug":"curso-de-bem-estar-animal-terapeutica-homeopatica","status":"publish","type":"product","link":"https:\/\/treina.online\/?product=curso-de-bem-estar-animal-terapeutica-homeopatica","title":{"rendered":"Curso de Bem-Estar Animal: Terap\u00eautica homeop\u00e1tica"},"content":{"rendered":"<p>Explica Terap\u00eautica homeop\u00e1tica, Vantagens e Homeopatia e bem-estar.<\/p>\n<p>Sobre a carga hor\u00e1ria:<br \/>\nO curso possui 2 horas de carga hor\u00e1ria.<\/p>\n","protected":false},"excerpt":{"rendered":"<p>Explica Terap\u00eautica homeop\u00e1tica, Vantagens e Homeopatia e bem-estar. Sobre a carga hor\u00e1ria: O curso possui 2 horas de carga hor\u00e1ria.<\/p>\n","protected":false},"featured_media":0,"comment_status":"open","ping_status":"closed","template":"","meta":[],"product_brand":[],"product_cat":[238],"product_tag":[],"class_list":{"0":"post-16557","1":"product","2":"type-product","3":"status-publish","5":"product_cat-veterinaria","6":"post","8":"first","9":"instock","10":"virtual","11":"sold-individually","12":"product-type-simple"},"_links":{"self":[{"href":"https:\/\/treina.online\/index.php?rest_route=\/wp\/v2\/product\/16557","targetHints":{"allow":["GET"]}}],"collection":[{"href":"https:\/\/treina.online\/index.php?rest_route=\/wp\/v2\/product"}],"about":[{"href":"https:\/\/treina.online\/index.php?rest_route=\/wp\/v2\/types\/product"}],"replies":[{"embeddable":true,"href":"https:\/\/treina.online\/index.php?rest_route=%2Fwp%2Fv2%2Fcomments&post=16557"}],"version-history":[{"count":0,"href":"https:\/\/treina.online\/index.php?rest_route=\/wp\/v2\/product\/16557\/revisions"}],"wp:attachment":[{"href":"https:\/\/treina.online\/index.php?rest_route=%2Fwp%2Fv2%2Fmedia&parent=16557"}],"wp:term":[{"taxonomy":"product_brand","embeddable":true,"href":"https:\/\/treina.online\/index.php?rest_route=%2Fwp%2Fv2%2Fproduct_brand&post=16557"},{"taxonomy":"product_cat","embeddable":true,"href":"https:\/\/treina.online\/index.php?rest_route=%2Fwp%2Fv2%2Fproduct_cat&post=16557"},{"taxonomy":"product_tag","embeddable":true,"href":"https:\/\/treina.online\/index.php?rest_route=%2Fwp%2Fv2%2Fproduct_tag&post=16557"}],"curies":[{"name":"wp","href":"https:\/\/api.w.org\/{rel}","templated":true}]}}