{"id":16554,"date":"2021-01-24T17:56:38","date_gmt":"2021-01-24T19:56:38","guid":{"rendered":"http:\/\/ecursos.treinaonline.com\/produto\/curso-de-bem-casados-preparo-de-massa-e-recheios-tradicionais\/"},"modified":"2021-01-24T17:56:38","modified_gmt":"2021-01-24T19:56:38","slug":"curso-de-bem-casados-preparo-de-massa-e-recheios-tradicionais","status":"publish","type":"product","link":"https:\/\/treina.online\/?product=curso-de-bem-casados-preparo-de-massa-e-recheios-tradicionais","title":{"rendered":"Curso de Bem Casados: Preparo de Massa e Recheios Tradicionais"},"content":{"rendered":"<p>Voc\u00ea aprende Introdu\u00e7\u00e3o ao Curso de Bem Casados, Receitas, Materiais Necess\u00e1rios e Organiza\u00e7\u00e3o da Mesa de Trabalho, Preparo dos Recheios B\u00e1sicos: Doce de Leite e Brigadeiro Branco, Preparo da Massa Tradicional e Tingimento das Massas Coloridas e Montagem Tradicional dos Bem Casados.<\/p>\n<p>Sobre a carga hor\u00e1ria:<br \/>\nO curso possui 10 horas de carga hor\u00e1ria.<\/p>\n","protected":false},"excerpt":{"rendered":"<p>Voc\u00ea aprende Introdu\u00e7\u00e3o ao Curso de Bem Casados, Receitas, Materiais Necess\u00e1rios e Organiza\u00e7\u00e3o da Mesa de Trabalho, Preparo dos Recheios B\u00e1sicos: Doce de Leite e Brigadeiro Branco, Preparo da Massa Tradicional e Tingimento das Massas Coloridas e Montagem Tradicional dos Bem Casados. Sobre a carga hor\u00e1ria: O curso possui 10 horas de carga hor\u00e1ria.<\/p>\n","protected":false},"featured_media":0,"comment_status":"open","ping_status":"closed","template":"","meta":[],"product_brand":[],"product_cat":[212],"product_tag":[],"class_list":{"0":"post-16554","1":"product","2":"type-product","3":"status-publish","5":"product_cat-doces-e-confeitaria","6":"post","8":"first","9":"instock","10":"virtual","11":"sold-individually","12":"product-type-simple"},"_links":{"self":[{"href":"https:\/\/treina.online\/index.php?rest_route=\/wp\/v2\/product\/16554","targetHints":{"allow":["GET"]}}],"collection":[{"href":"https:\/\/treina.online\/index.php?rest_route=\/wp\/v2\/product"}],"about":[{"href":"https:\/\/treina.online\/index.php?rest_route=\/wp\/v2\/types\/product"}],"replies":[{"embeddable":true,"href":"https:\/\/treina.online\/index.php?rest_route=%2Fwp%2Fv2%2Fcomments&post=16554"}],"version-history":[{"count":0,"href":"https:\/\/treina.online\/index.php?rest_route=\/wp\/v2\/product\/16554\/revisions"}],"wp:attachment":[{"href":"https:\/\/treina.online\/index.php?rest_route=%2Fwp%2Fv2%2Fmedia&parent=16554"}],"wp:term":[{"taxonomy":"product_brand","embeddable":true,"href":"https:\/\/treina.online\/index.php?rest_route=%2Fwp%2Fv2%2Fproduct_brand&post=16554"},{"taxonomy":"product_cat","embeddable":true,"href":"https:\/\/treina.online\/index.php?rest_route=%2Fwp%2Fv2%2Fproduct_cat&post=16554"},{"taxonomy":"product_tag","embeddable":true,"href":"https:\/\/treina.online\/index.php?rest_route=%2Fwp%2Fv2%2Fproduct_tag&post=16554"}],"curies":[{"name":"wp","href":"https:\/\/api.w.org\/{rel}","templated":true}]}}