{"id":16527,"date":"2021-01-24T17:56:11","date_gmt":"2021-01-24T19:56:11","guid":{"rendered":"http:\/\/ecursos.treinaonline.com\/produto\/curso-de-auditoria-contabil\/"},"modified":"2021-01-24T17:56:11","modified_gmt":"2021-01-24T19:56:11","slug":"curso-de-auditoria-contabil","status":"publish","type":"product","link":"https:\/\/treina.online\/?product=curso-de-auditoria-contabil","title":{"rendered":"Curso de Auditoria Cont\u00e1bil"},"content":{"rendered":"<p>Apresenta sobre as qualidades e o perfil de um auditor, al\u00e9m dos procedimentos gerais de auditoria. Ainda ser\u00e1 abordada a diferen\u00e7a entre Auditor e Auditado, maneiras de elaborar estrat\u00e9gias e os riscos de um neg\u00f3cio.<\/p>\n<p>Sobre a carga hor\u00e1ria:<br \/>\nO curso possui 80 horas de carga hor\u00e1ria. Por\u00e9m, se for conclu\u00eddo antes de 5 dias, passa a ter 10 horas de carga hor\u00e1ria. Conforme nosso contrato e termos de uso.<\/p>\n","protected":false},"excerpt":{"rendered":"<p>Apresenta sobre as qualidades e o perfil de um auditor, al\u00e9m dos procedimentos gerais de auditoria. Ainda ser\u00e1 abordada a diferen\u00e7a entre Auditor e Auditado, maneiras de elaborar estrat\u00e9gias e os riscos de um neg\u00f3cio. Sobre a carga hor\u00e1ria: O curso possui 80 horas de carga hor\u00e1ria. Por\u00e9m, se for conclu\u00eddo antes de 5 dias, passa a ter 10 horas [&hellip;]<\/p>\n","protected":false},"featured_media":0,"comment_status":"open","ping_status":"closed","template":"","meta":[],"product_brand":[],"product_cat":[206],"product_tag":[],"class_list":{"0":"post-16527","1":"product","2":"type-product","3":"status-publish","5":"product_cat-contabilidade","6":"post","8":"first","9":"instock","10":"virtual","11":"sold-individually","12":"product-type-simple"},"_links":{"self":[{"href":"https:\/\/treina.online\/index.php?rest_route=\/wp\/v2\/product\/16527","targetHints":{"allow":["GET"]}}],"collection":[{"href":"https:\/\/treina.online\/index.php?rest_route=\/wp\/v2\/product"}],"about":[{"href":"https:\/\/treina.online\/index.php?rest_route=\/wp\/v2\/types\/product"}],"replies":[{"embeddable":true,"href":"https:\/\/treina.online\/index.php?rest_route=%2Fwp%2Fv2%2Fcomments&post=16527"}],"version-history":[{"count":0,"href":"https:\/\/treina.online\/index.php?rest_route=\/wp\/v2\/product\/16527\/revisions"}],"wp:attachment":[{"href":"https:\/\/treina.online\/index.php?rest_route=%2Fwp%2Fv2%2Fmedia&parent=16527"}],"wp:term":[{"taxonomy":"product_brand","embeddable":true,"href":"https:\/\/treina.online\/index.php?rest_route=%2Fwp%2Fv2%2Fproduct_brand&post=16527"},{"taxonomy":"product_cat","embeddable":true,"href":"https:\/\/treina.online\/index.php?rest_route=%2Fwp%2Fv2%2Fproduct_cat&post=16527"},{"taxonomy":"product_tag","embeddable":true,"href":"https:\/\/treina.online\/index.php?rest_route=%2Fwp%2Fv2%2Fproduct_tag&post=16527"}],"curies":[{"name":"wp","href":"https:\/\/api.w.org\/{rel}","templated":true}]}}