{"id":16517,"date":"2021-01-24T17:55:55","date_gmt":"2021-01-24T19:55:55","guid":{"rendered":"http:\/\/ecursos.treinaonline.com\/produto\/curso-de-assistencia-de-operacao-de-suporte-tecnico\/"},"modified":"2021-01-24T17:55:55","modified_gmt":"2021-01-24T19:55:55","slug":"curso-de-assistencia-de-operacao-de-suporte-tecnico","status":"publish","type":"product","link":"https:\/\/treina.online\/?product=curso-de-assistencia-de-operacao-de-suporte-tecnico","title":{"rendered":"Curso de Assist\u00eancia de Opera\u00e7\u00e3o de Suporte T\u00e9cnico"},"content":{"rendered":"<p>? Essencial para quem est\u00e1 ingressando na \u00e1rea de TI. Ele ensina a configurar manter e garantir a seguran\u00e7a de redes sem fio, assim como, a proteger arquivos atrav\u00e9s de chaves e assinaturas digitais. Com esse curso, voc\u00ea aprender\u00e1 mais sobre o ITIL, COBIT e Green IT, e muito mais.<\/p>\n<p>Sobre a carga hor\u00e1ria:<br \/>\nO curso possui 80 horas de carga hor\u00e1ria. Por\u00e9m, se for conclu\u00eddo antes de 5 dias, passa a ter 10 horas de carga hor\u00e1ria. Conforme nosso contrato e termos de uso.<\/p>\n","protected":false},"excerpt":{"rendered":"<p>? Essencial para quem est\u00e1 ingressando na \u00e1rea de TI. Ele ensina a configurar manter e garantir a seguran\u00e7a de redes sem fio, assim como, a proteger arquivos atrav\u00e9s de chaves e assinaturas digitais. Com esse curso, voc\u00ea aprender\u00e1 mais sobre o ITIL, COBIT e Green IT, e muito mais. Sobre a carga hor\u00e1ria: O curso possui 80 horas de [&hellip;]<\/p>\n","protected":false},"featured_media":0,"comment_status":"open","ping_status":"closed","template":"","meta":[],"product_brand":[],"product_cat":[225],"product_tag":[],"class_list":{"0":"post-16517","1":"product","2":"type-product","3":"status-publish","5":"product_cat-informatica","6":"post","8":"first","9":"instock","10":"virtual","11":"sold-individually","12":"product-type-simple"},"_links":{"self":[{"href":"https:\/\/treina.online\/index.php?rest_route=\/wp\/v2\/product\/16517","targetHints":{"allow":["GET"]}}],"collection":[{"href":"https:\/\/treina.online\/index.php?rest_route=\/wp\/v2\/product"}],"about":[{"href":"https:\/\/treina.online\/index.php?rest_route=\/wp\/v2\/types\/product"}],"replies":[{"embeddable":true,"href":"https:\/\/treina.online\/index.php?rest_route=%2Fwp%2Fv2%2Fcomments&post=16517"}],"version-history":[{"count":0,"href":"https:\/\/treina.online\/index.php?rest_route=\/wp\/v2\/product\/16517\/revisions"}],"wp:attachment":[{"href":"https:\/\/treina.online\/index.php?rest_route=%2Fwp%2Fv2%2Fmedia&parent=16517"}],"wp:term":[{"taxonomy":"product_brand","embeddable":true,"href":"https:\/\/treina.online\/index.php?rest_route=%2Fwp%2Fv2%2Fproduct_brand&post=16517"},{"taxonomy":"product_cat","embeddable":true,"href":"https:\/\/treina.online\/index.php?rest_route=%2Fwp%2Fv2%2Fproduct_cat&post=16517"},{"taxonomy":"product_tag","embeddable":true,"href":"https:\/\/treina.online\/index.php?rest_route=%2Fwp%2Fv2%2Fproduct_tag&post=16517"}],"curies":[{"name":"wp","href":"https:\/\/api.w.org\/{rel}","templated":true}]}}